ided by 278.
218
What is the remainder when 1117201 is divided by 19262?
5
What is the remainder when 178631542 is divided by 91?
89
What is the remainder when 5239114 is divided by 1393?
41
What is the remainder when 60491 is divided by 2873?
158
Calculate the remainder when 585086928 is divided by 61.
60
Calculate the remainder when 22754124 is divided by 229.
226
What is the remainder when 37715879 is divided by 37?
3
Calculate the remainder when 364659 is divided by 24292.
279
What is the remainder when 134472 is divided by 1171?
978
Calculate the remainder when 6515336 is divided by 261.
254
Calculate the remainder when 88780655 is divided by 22195162.
7
Calculate the remainder when 3217 is divided by 589.
272
Calculate the remainder when 3430885 is divided by 135.
130
What is the remainder when 142523917 is divided by 4760?
4757
What is the remainder when 104061629 is divided by 369?
308
Calculate the remainder when 30819 is divided by 2212.
2063
Calculate the remainder when 1303409 is divided by 186165.
254
Calculate the remainder when 37933270 is divided by 486.
484
What is the remainder when 671253 is divided by 6160?
5973
What is the remainder when 2140062 is divided by 662?
478
What is the remainder when 23540 is divided by 113?
36
What is the remainder when 2557841 is divided by 17166?
107
Calculate the remainder when 50587758 is divided by 2049.
2046
What is the remainder when 600102 is divided by 300050?
2
What is the remainder when 16230531 is divided by 618?
615
What is the remainder when 810139 is divided by 50633?
11
Calculate the remainder when 66880560 is divided by 2066.
8
What is the remainder when 256083 is divided by 3556?
51
Calculate the remainder when 155750 is divided by 12735.
2930
What is the remainder when 4337212 is divided by 3063?
4
Calculate the remainder when 15805795 is divided by 304.
227
What is the remainder when 82090 is divided by 711?
325
What is the remainder when 1308295 is divided by 654110?
75
Calculate the remainder when 149265 is divided by 29851.
10
Calculate the remainder when 9376069 is divided by 1035.
4
What is the remainder when 636447 is divided by 627?
42
Calculate the remainder when 27818 is divided by 26534.
1284
What is the remainder when 18544882 is divided by 49?
48
Calculate the remainder when 9499830 is divided by 141.
96
What is the remainder when 17763 is divided by 2087?
1067
Calculate the remainder when 529598 is divided by 108.
74
Calculate the remainder when 2149213 is divided by 11072.
1245
Calculate the remainder when 773014 is divided by 260.
34
What is the remainder when 913115 is divided by 15?
5
Calculate the remainder when 1221605676 is divided by 3981.
3978
Calculate the remainder when 4096495 is divided by 1719.
118
What is the remainder when 2059787 is divided by 371?
366
Calculate the remainder when 4857104 is divided by 2539.
2536
Calculate the remainder when 26546693 is divided by 428.
421
What is the remainder when 8299237 is divided by 30967?
81
Calculate the remainder when 4565686 is divided by 562.
560
What is the remainder when 17723928 is divided by 45099?
21
Calculate the remainder when 462523 is divided by 184.
131
Calculate the remainder when 1912711 is divided by 10395.
31
What is the remainder when 31002 is divided by 889?
776
What is the remainder when 1716637 is divided by 572211?
4
What is the remainder when 34038 is divided by 10377?
2907
Calculate the remainder when 397272 is divided by 160.
152
Calculate the remainder when 241255 is divided by 48094.
785
What is the remainder when 337631 is divided by 84327?
323
Calculate the remainder when 48994 is divided by 24338.
318
Calculate the remainder when 2415353 is divided by 38.
35
Calculate the remainder when 741214 is divided by 148233.
49
What is the remainder when 1617923 is divided by 24?
11
Calculate the remainder when 31330150 is divided by 34.
0
Calculate the remainder when 50250614 is divided by 492653.
8
What is the remainder when 175018 is divided by 5632?
426
Calculate the remainder when 240938 is divided by 168.
26
What is the remainder when 16876383 is divided by 1832?
1831
What is the remainder when 1437339 is divided by 58?
41
Calculate the remainder when 76247 is divided by 25373.
128
Calculate the remainder when 958371 is divided by 958188.
183
What is the remainder when 34253 is divided by 1802?
15
What is the remainder when 4103106 is divided by 33?
18
What is the remainder when 5512846 is divided by 133?
129
Calculate the remainder when 9002361 is divided by 84.
81
Calculate the remainder when 1713793 is divided by 2524.
2521
Calculate the remainder when 4231329 is divided by 11019.
33
Calculate the remainder when 3051489 is divided by 22112.
33
Calculate the remainder when 121073 is divided by 4850.
4673
What is the remainder when 20368062 is divided by 137?
135
What is the remainder when 627795 is divided by 313276?
1243
What is the remainder when 218287 is divided by 968?
487
Calculate the remainder when 79783 is divided by 1094.
1015
What is the remainder when 455961 is divided by 1617?
1584
What is the remainder when 2240710 is divided by 8787?
25
What is the remainder when 25488640 is divided by 25?
15
Calculate the remainder when 3387823 is divided by 525.
523
Calculate the remainder when 4863 is divided by 84.
75
Calculate the remainder when 366006 is divided by 18300.
6
What is the remainder when 21246168 is divided by 21246149?
19
What is the remainder when 9776637 is divided by 6?
3
What is the remainder when 16494927 is divided by 3278?
31
Calculate the remainder when 231413 is divided by 5395.
4823
Calculate the remainder when 10475 is divided by 4306.
1863
What is the remainder when 13400773 is divided by 131?
128
What is the remainder when 881393 is divided by 440396?
601
Calculate the remainder when 5040161 is divided by 401.
393
Calculate the remainder when 737117 is divided by 368516.
85
Calculate the remainder when 2172431 is divided by 869.
800
What is the remainder when 11676 is divided by 341?
82
Calculate the remainder when 382277 is divided by 127229.
590
What is the remainder when 230054 is divided by 230010?
44
Calculate the remainder when 46982 is divided by 1869.
257
Calculate the remainder when 77158 is divided by 253.
246
What is the remainder when 156086 is divided by 1376?
598
What is the remainder when 1486318562 is divided by 2335?
2332
Calculate the remainder when 11732649 is divided by 306.
303
What is the remainder when 73051 is divided by 66?
55
Calculate the remainder when 13354462 is divided by 913.
11
Calculate the remainder when 1446791 is divided by 1446782.
9
What is the remainder when 4046227 is divided by 4046211?
16
What is the remainder when 678802 is divided by 349?
346
What is the remainder when 391724 is divided by 225?
224
Calculate the remainder when 45465299 is divided by 4050.
4049
What is the remainder when 2876519 is divided by 479364?
335
What is the remainder when 4160562 is divided by 1020?
1002
What is the remainder when 411682 is divided by 82323?
67
Calculate the remainder when 172734 is divided by 1020.
354
What is the remainder when 11220094 is divided by 1735?
1584
What is the remainder when 11084492 is divided by 174?
170
Calculate the remainder when 88524 is divided by 8044.
40
Calculate the remainder when 1195022 is divided by 9873.
389
Calculate the remainder when 5677129 is divided by 1892375.
4
Calculate the remainder when 792088 is divided by 6336.
88
What is the remainder when 196897 is divided by 97723?
1451
What is the remainder when 12334 is divided by 11405?
929
What is the remainder when 327702996 is divided by 3281?
3278
What is the remainder when 102197 is divided by 581?
522
Calculate the remainder when 513598 is divided by 1915.
378
What is the remainder when 3550706 is divided by 887671?
22
What is the remainder when 106799 is divided by 1048?
951
What is the remainder when 181218 is divided by 295?
88
Calculate the remainder when 49020918 is divided by 4332.
6
What is the remainder when 304547 is divided by 75970?
667
Calculate the remainder when 129129 is divided by 13753.
5352
Calculate the remainder when 93000860 is divided by 17.
14
What is the remainder when 12433976 is divided by 2517